 = 4*q + 4, 0*q + 5*q + y = -5. Let b(m) = -m - 1. Give b(q).
0
Let i = 1 + 3. Let g(o) be the first derivative of o**3/3 - 2*o**2 + 6*o - 4. What is g(i)?
6
Let a(w) = -w - 6. Let s(h) = h + 15. Let r be s(-8). Let d be (-21)/r + -3*1. Determine a(d).
0
Let f = -7 + 9. Suppose -2*m = -5*g + 12, -5*g - 5*m + f + 3 = 0. Let d(v) = v**2 - v. What is d(g)?
2
Let h(f) = f**3 + 4*f**2 - 4*f + 4. Let n(w) = -w**3 - 3*w**2 + 3*w - 4. Let y(i) = -2*h(i) - 3*n(i). Determine y(0).
4
Let q(d) = d - 8. Let s be q(6). Let v(h) = -2*h - 3. Calculate v(s).
1
Suppose -12 = 5*t + 18. Let o(m) = m**3 + 5*m**2 - 3*m + 4. Determine o(t).
-14
Let h be 6/10 + 74/10. Let n be (h/(-24))/(1/6). Let k(w) = 6*w + 2. Give k(n).
-10
Let w(k) be the second derivative of 1/20*k**5 + 0*k**3 - 4*k**2 + 6*k + 0 - 1/2*k**4. Determine w(6).
-8
Let g(i) = -i**2 + 2*i + 2. Let t be 2 - (1 - (-1 - 2)). Determine g(t).
-6
Let i = 3 + -2. Let j(w) = w**3 - 9*w**2 - 9*w - 7. Let a be j(10). Let h(r) = -3 + a + 1 - r**2 + 3*r**3. Give h(i).
3
Let q(x) = -3*x**2 - x - 4. Let c(b) = 4*b**2 + 2*b + 6. Let s(t) = -5*c(t) - 7*q(t). Let m be 48/(-18)*3/(-2). What is s(m)?
2
Let g be (80/50)/(4/10). Let x(t) = 2*t - 1. What is x(g)?
7
Suppose 3*l = 5*l - 4*q + 2, -4*q = 8. Let b(g) = -4*g - 1. Let x(a) = 5*a. Let s(h) = l*x(h) - 6*b(h). Suppose m = -2*p + 13, 4*m = 4 + 8. Calculate s(p).
1
Let j(r) = -r. Let p be j(-2). Let k(v) = -v**2 + 1. Let q be k(p). Let u(h) = -h**3 - 4*h**2 - 3*h. Give u(q).
0
Let y(b) = -b**2 - 2*b + 7. Suppose -5*c - 5 - 20 = 0. Calculate y(c).
-8
Let w(l) = 2*l**2 - 8*l - 6. Let b(r) = -4*r + 3*r**2 - 11 - 6*r - 5*r. Let j(z) = -3*b(z) + 5*w(z). Let g = 43 + -48. Give j(g).
3
Let p(b) be the first derivative of b**4/4 + 2*b**3/3 - 2*b + 3. What is p(-2)?
-2
Let s(y) be the third derivative of y**5/120 - y**4/24 + y**3/2 + 4*y**2. Let z(h) be the first derivative of s(h). Calculate z(-4).
-5
Let u(g) = -g**2 - 4*g + 6. Let a be (-6)/((-12)/(-4)) + -3. Calculate u(a).
1
Let b(h) = -2*h - 8. Let n(x) = -x + 7. Let a be n(14). Give b(a).
6
Suppose 11 = 3*t + m, -29 = -5*t - 5*m + 6. Let b(q) = q**2 - 32 + 26 + 7 - 3*q. Determine b(t).
-1
Let t = -13 - -24. Suppose t*m - 8 = 15*m. Let g(r) = 3. Let y(h) = -h - 1. Let j(p) = -g(p) - 6*y(p). Determine j(m).
-9
Let c(g) = g**2 - 4*g + 2. Let b be 14/4 - (-2)/4. Suppose 0 = -a + b - 0. Suppose 0 = -m - a*m + 20. Determine c(m).
2
Let u = -4 + 8. Let n(x) be the third derivative of 0 + 1/24*x**u + 5/3*x**3 - x**2 + 0*x. Give n(-5).
5
Let h(z) = 2*z**2 + 13*z - 11. Let i(f) = -f**2 - 7*f + 6. Let m(q) = -6*h(q) - 11*i(q). Suppose -4*s = 2*w + 4, s = 3*s + 2. Give m(w).
0
Let b(s) be the second derivative of 5*s**3/6 + s**2/2 + 27*s. Give b(-3).
-14
Let p be 5/3 - 4/6. Let u(j) be the third derivative of -5/24*j**4 + 0 - j**2 + 0*j + 1/6*j**3. Determine u(p).
-4
Let i(y) be the first derivative of 1 + 1/2*y**2 + 0*y. Let m be i(3). Let d(n) = n**3 - 4*n**2 + 4. Give d(m).
-5
Suppose 3*o - 7 = -2*l + 7, 2*o - l = 0. Suppose -3*d + 2 = -4*v, 4*v = -o*d + d + 6. Suppose 0 = d*p - p. Let h(s) = s**3 - s + 9. Determine h(p).
9
Suppose 9*f = 3*f + 12. Let k(i) = -6 + 2 + 2 + i - f. What is k(0)?
-4
Let n(v) be the first derivative of -v**4/4 - v**2/2 + 2*v - 11. What is n(0)?
2
Let y(v) be the second derivative of v**3/6 - 2*v**2 + 8*v. Determine y(3).
-1
Let z(t) be the third derivative of -3*t**2 + 0*t + 0 + 1/24*t**4 + 1/3*t**3. What is z(-4)?
-2
Let v = 17 + -20. Let i(u) = -3*u + 4. What is i(v)?
13
Let p(w) = -w**3 + w**2 + 4*w - 1. Let s be (8/6)/((-28)/(-63)). Give p(s).
-7
Let m(w) be the third derivative of 1/15*w**5 - w**2 - 1/24*w**4 + 1/6*w**3 + 0*w - 1/120*w**6 + 0. Suppose 2*j + 0*j + 2*a = 6, a - 12 = -4*j. What is m(j)?
7
Suppose -44 = -3*w + 3*r + 4, 3*w + 4*r = 83. Let p = -19 + w. Let z(k) be the first derivative of -k**4/4 + k**3 - k**2/2 + k - 1. Give z(p).
3
Let p(n) = -n**2 + 9*n - 7. Let u be p(8). Let c(i) = -6*i**3 + 1. What is c(u)?
-5
Suppose 0 = 5*d - l - 21 - 1, 4*d + 2*l - 26 = 0. Let u(g) = -2*g + 5. Calculate u(d).
-5
Let d(w) = -2*w**2 + 4*w. Suppose 9 = 7*m - 4*m. What is d(m)?
-6
Let a be ((-4)/3)/((-4)/24). Let y(w) = w**3 - 9*w**2 + 6*w + 11. Let z be y(a). Let h(k) = k + 9. Determine h(z).
4
Let p(b) = b**3 - 3*b**2 + 2*b - 4. Suppose -4*u = -0*u - 16. Suppose 16 = u*t - s, -6 = s - 2. Give p(t).
2
Let q(d) = -2 - 2*d + 0*d - d. Let s(v) = 2*v + 4. Let a be s(-4). Let b be (a - -6)*(-6)/(-4). Give q(b).
-11
Let j(a) = -a**2 - 5*a + 7. Let f(p) = 3*p + 7. Let h be f(-4). Give j(h).
7
Suppose 2*p - 1 = p. Let f(m) = m**2. Let x(t) = 3*t**2 + 3*t - 2. Let l(o) = p*x(o) - 4*f(o). What is l(3)?
-2
Let b(k) be the second derivative of k**5/20 - 5*k**4/12 - k**3 + 3*k**2/2 - 4*k. Determine b(6).
3
Let n(v) be the third derivative of -1/24*v**4 + 0*v + 0 + 1/3*v**3 + 4*v**2. Calculate n(5).
-3
Let k(l) = -l**3 - 7*l**2 - 10*l + 2. Let u be k(-5). Let r(d) be the second derivative of 0*d**u + 3*d + 0 - 1/6*d**3 + 1/6*d**4 + 1/20*d**5. Give r(-3).
-6
Let g(p) = p**3 - 11*p**2 + 11*p - 14. Let c = -115 - -125. What is g(c)?
-4
Let a(n) = n**2 + 6*n + 2. Suppose 7*z - 6 + 55 = 0. Determine a(z).
9
Suppose -86*y + 82*y - 20 = 0. Let t(m) = -3*m - 7. Determine t(y).
8
Let z(t) = t**2 + 4*t + 2. Let g be 45/(0 + -3)*-1. Suppose -5*q + 2*q = g. Determine z(q).
7
Let f(i) = -i - 4. Let j(z) = 3*z + 11. Let d(q) = 8*f(q) + 3*j(q). Calculate d(-5).
-4
Let z(q) = -10*q**3 + 11*q**2 + 34*q - 17. Let s(y) = -7*y**3 + 7*y**2 + 23*y - 11. Let u(g) = 7*s(g) - 5*z(g). Give u(7).
-6
Suppose 6 + 4 = -h. Let u = 10 + h. Let d(n) be the third derivative of n**4/24 - 7*n**3/6 - n**2. Calculate d(u).
-7
Let l = 29 - 25. Let m(z) be the third derivative of 1/60*z**5 + z**2 - 1/8*z**l + 0*z + 0 - 1/6*z**3. Calculate m(-2).
9
Let s(z) = -z**3 + z**2 + 9*z + 2. Let v(k) = -k**3 + 2*k**2 + 10*k + 3. Let c(w) = -5*s(w) + 4*v(w). What is c(-4)?
6
Let p(v) = 5*v + 4. Let h(j) be the second derivative of -j**3/3 - j**2 + j. Let w(q) = 13*h(q) + 6*p(q). Determine w(3).
10
Let g(m) = 3*m**3 - 2*m**2 - m + 2. Let r(t) = -7*t**3 + 4*t**2 + 2*t - 4. Let u(b) = -5*g(b) - 2*r(b). Give u(2).
0
Let p(w) = 1. Let n(h) = -2*h - 3. Let q(k) = -n(k) - 4*p(k). Let x = -1 + 4. Suppose 1 = -2*u - x. Give q(u).
-5
Let n(l) = -4*l - 3 + 1 + 3*l - l**2. Suppose -6*x - 2*x = -4*x. Calculate n(x).
-2
Let p(m) = -14*m. Let v be p(1). Let c = 16 + v. Let y(r) = 2*r**3 + 3*r**2 + 9. Let a(h) = -h**3 - h**2 - 4. Let u(d) = 7*a(d) + 3*y(d). Give u(c).
-1
Let q be ((-2)/3 + 0)*9. Let i(z) = z**3 + 6*z**2 - 2*z - 7. Determine i(q).
5
Let c(r) = r**3 - 5*r**2 - 5*r - 1. Let w(n) = -n**3 + 5*n**2 - 3*n - 3. Let j be w(3). Give c(j).
5
Let u(g) = -g**2 + 12*g + 1. Let a be -6 + 2 - (-27 - -11). What is u(a)?
1
Let p(t) = -12*t - 3. Let i(d) = 25*d + 7. Let n(x) = 6*i(x) + 13*p(x). What is n(2)?
-9
Suppose 2*d + 4*o = 2, 4*d + 2*o + 15 - 1 = 0. Let k be ((-2)/(-8))/((-4)/(-80)). Let m(q) = -5*q + k*q**3 - 3 - 6*q**2 - 6*q**3 + 0. Determine m(d).
-3
Let b(f) = 3*f**2 + 3*f - 2. Let z(i) = i**2 + 1. Let o(d) = -b(d) + 2*z(d). What is o(-3)?
4
Suppose 0 = -0*q - 5*q. Let z(s) be the third derivative of -1/30*s**5 - 1/3*s**3 + 1/120*s**6 + 0 + q*s**4 - 2*s**2 + 0*s. What is z(3)?
7
Let f(y) = 4*y**2 + 3*y + 9. Let a(i) = -i**2 - i - 3. Let m(k) = 7*a(k) + 2*f(k). Suppose 0 = 4*c - 13 + 5. Let n be 2*(-3)/c*-1. Calculate m(n).
3
Let v be 1*((-12)/4 + -6). Let f = 11 + v. Let r(y) = -y**3 - y**2. Give r(f).
-12
Let s(j) be the third derivative of 0*j + 0 - 1/24*j**4 + 4*j**2 + 0*j**3. Determine s(3).
-3
Let a(w) be the first derivative of -w**3/3 - w**2/2 + w + 5. Calculate a(3).
-11
Let i(f) = -f**2 + 10*f - 11. Let m be i(8). Suppose 1 = -m*k + 6. Suppose 0 = z + 6 - k. Let p(n) = -n + 2. What is p(z)?
7
Let j = -4 - -7. Suppose -j*w = -6*w - 9. Let v(u) = 0*u**2 + 4*u - 3*u**2 + 2*u**2 - u**3. Give v(w).
6
Suppose 4*t = -4, 4*u + 13 = -u - 3*t. Let q(x) = -x**2 + 1. Let y be q(-1). Let k(j) = -j**2 + y*j**2 + 5 - 3 + j. Give k(u).
-4
Let y(i) = i**2 - 2*i - 35. Let a be y(0). Let d be 1/(-2 + a/(-15)). Let n(p) = -1 + 2 - 4 + 5*p. Calculate n(d).
12
Let l = -4 + 2. Let u be 14/3 + l/(-6). Let b(h) = -5*h + h - 5*h**2 + 5*h - 2*h + h**3. Give b(u).
-5
Let j(g) be 